{"id":2770,"date":"2024-09-12T14:35:17","date_gmt":"2024-09-12T14:35:17","guid":{"rendered":"https:\/\/betelnatural.com\/minegocio\/product\/alpiste-con-curcuma-moringa-guanabana-polvo-2\/"},"modified":"2024-11-27T19:56:39","modified_gmt":"2024-11-27T19:56:39","slug":"alpiste-con-curcuma-moringa-guanabana-polvo","status":"publish","type":"product","link":"https:\/\/betelnatural.com\/minegocio\/product\/alpiste-con-curcuma-moringa-guanabana-polvo\/","title":{"rendered":"Alpiste con C\u00farcuma, Moringa &#038; Guan\u00e1bana  polvo"},"content":{"rendered":"<div class=\"flex-shrink-0 flex flex-col relative items-end\">\n<div>\n<div class=\"pt-0\">\n<div class=\"gizmo-bot-avatar flex h-8 w-8 items-center justify-center overflow-hidden rounded-full\">\n<div class=\"relative p-1 rounded-sm flex items-center justify-center bg-token-main-surface-primary text-token-text-primary h-8 w-8\"><\/div>\n<\/div>\n<\/div>\n<\/div>\n<\/div>\n<div class=\"group\/conversation-turn relative flex w-full min-w-0 flex-col agent-turn\">\n<div class=\"flex-col gap-1 md:gap-3\">\n<div class=\"flex max-w-full flex-col flex-grow\">\n<div class=\"min-h-8 text-message flex w-full flex-col items-end gap-2 whitespace-normal break-words [.text-message+&amp;]:mt-5\" dir=\"auto\" data-message-author-role=\"assistant\" data-message-id=\"972a62a8-ec88-4ab7-ac20-44d12a7d0cd9\" data-message-model-slug=\"gpt-4o-mini\">\n<div class=\"flex w-full flex-col gap-1 empty:hidden first:pt-[3px]\">\n<div class=\"markdown prose w-full break-words dark:prose-invert light\">\n<p>Alpiste con C\u00farcuma, Moringa &amp; Guan\u00e1bana Polvo de Betel Natural es una f\u00f3rmula poderosa que combina los beneficios del alpiste, c\u00farcuma, moringa y guan\u00e1bana, dise\u00f1ada para promover tu salud de manera integral. \ud83c\udf3f<\/p>\n<p><strong>Fortalece el sistema inmunol\u00f3gico<\/strong>: En primer lugar, esta f\u00f3rmula ayuda a fortalecer el sistema inmunol\u00f3gico gracias a las propiedades antioxidantes de la c\u00farcuma y la moringa. De este modo, tu cuerpo estar\u00e1 mejor preparado para enfrentar cualquier amenaza externa, mejorando tus defensas naturales. \ud83d\udee1\ufe0f<\/p>\n<p><strong>Regula la presi\u00f3n arterial<\/strong>: Adem\u00e1s, los ingredientes de esta mezcla son conocidos por sus propiedades para regular la presi\u00f3n arterial. As\u00ed que, consumir este suplemento de manera regular puede ayudar a mantener una presi\u00f3n arterial equilibrada, apoyando la salud cardiovascular. \u2764\ufe0f<\/p>\n<p><strong>Alivia el dolor y la inflamaci\u00f3n en las articulaciones<\/strong>: Asimismo, la c\u00farcuma y la moringa son excelentes para aliviar el dolor y la inflamaci\u00f3n en las articulacion<strong>es. Por lo tanto, e<\/strong>ste suplemento es ideal para aquellos que sufren de dolor articular o inflamaci\u00f3n cr\u00f3nica. \ud83e\uddb5<\/p>\n<p><strong>Disminuye los niveles de az\u00facar en la sangre y colesterol<\/strong>: Adicionalmente, el alpiste y la guan\u00e1bana trabajan para reducir los niveles de az\u00facar en la sangre y controlar el colesterol. Esto puede contribuir a una mejor salud metab\u00f3lica y prevenir complicaciones relacionadas con estos factores. \ud83e\ude78<\/p>\n<p>[ver_mas]<\/p>\n<p>\ud83d\udcc5 <strong>Modo de Uso<\/strong><br \/>\nPara obtener los mejores resultados, disuelva una cucharada en 8 oz. de agua o en su bebida favorita. T\u00f3melo de dos a tres veces al d\u00eda o siga las indicaciones de su especialista. \ud83d\udca7\ud83e\udd64<\/p>\n<p>Ingredientes Naturales: Este producto est\u00e1 formulado con ingredientes naturales, lo que lo convierte en una opci\u00f3n saludable y efectiva para mejorar tu bienestar general. \ud83c\udf31<\/p>\n<p>\u26a0 <strong>Precauciones<\/strong><\/p>\n<ul>\n<li>Mant\u00e9n fuera del alcance de los ni\u00f1os. \ud83d\udeab\ud83d\udc76<\/li>\n<li>Almacena en un lugar fresco y seco para preservar su calidad. \ud83c\udf2c\ufe0f<\/li>\n<\/ul>\n<p>\u00a1Mejora tu salud y bienestar con Alpiste con C\u00farcuma, Moringa &amp; Guan\u00e1bana Polvo de Betel Natural y disfruta de sus numerosos beneficios todos los d\u00edas! \ud83c\udf08<br \/>\n[\/ver_mas]<\/p>\n<\/div>\n<\/div>\n<\/div>\n<\/div>\n<\/div>\n<\/div>\n","protected":false},"excerpt":{"rendered":"<p>Nuestra f\u00f3rmula de alpiste, c\u00farcuma, moringa y Guan\u00e1bana te dar\u00e1 los beneficios de estos tres ingredientes. fortalece el sistema inmunol\u00f3gico, regula la presi\u00f3n arterial, alivia el dolor e inflamaci\u00f3n las articulaciones, disminuye los niveles de az\u00facar en la sangre as\u00ed como el colesterol.<\/p>\n<p>Disuelva una cucharada en 8 oz. de agua o su bebida favorita y tome de dos a tres veces al d\u00eda, o lo que su especialista indique.<\/p>\n","protected":false},"featured_media":1165,"comment_status":"open","ping_status":"closed","template":"","meta":[],"product_brand":[],"product_cat":[138,174,115],"product_tag":[],"class_list":{"0":"post-2770","1":"product","2":"type-product","3":"status-publish","4":"has-post-thumbnail","6":"product_cat-colesterol-y-trigliceridos","7":"product_cat-hipertension-arterial","8":"product_cat-remedios-naturales","10":"first","11":"instock","12":"shipping-taxable","13":"product-type-simple"},"yoast_head":"<!-- This site is optimized with the Yoast SEO plugin v27.4 - https:\/\/yoast.com\/product\/yoast-seo-wordpress\/ -->\n<title>Alpiste con C\u00farcuma, Moringa &amp; Guan\u00e1bana polvo - Betel Natural<\/title>\n<meta name=\"robots\" content=\"index, follow, max-snippet:-1, max-image-preview:large, max-video-preview:-1\" \/>\n<link rel=\"canonical\" href=\"https:\/\/betelnatural.com\/minegocio\/product\/alpiste-con-curcuma-moringa-guanabana-polvo\/\" \/>\n<meta property=\"og:locale\" content=\"es_ES\" \/>\n<meta property=\"og:type\" content=\"article\" \/>\n<meta property=\"og:title\" content=\"Alpiste con C\u00farcuma, Moringa &amp; Guan\u00e1bana polvo - Betel Natural\" \/>\n<meta property=\"og:description\" content=\"Nuestra f\u00f3rmula de alpiste, c\u00farcuma, moringa y Guan\u00e1bana te dar\u00e1 los beneficios de estos tres ingredientes. fortalece el sistema inmunol\u00f3gico, regula la presi\u00f3n arterial, alivia el dolor e inflamaci\u00f3n las articulaciones, disminuye los niveles de az\u00facar en la sangre as\u00ed como el colesterol.  Disuelva una cucharada en 8 oz. de agua o su bebida favorita y tome de dos a tres veces al d\u00eda, o lo que su especialista indique.\" \/>\n<meta property=\"og:url\" content=\"https:\/\/betelnatural.com\/minegocio\/product\/alpiste-con-curcuma-moringa-guanabana-polvo\/\" \/>\n<meta property=\"og:site_name\" content=\"Betel Natural\" \/>\n<meta property=\"article:publisher\" content=\"https:\/\/www.facebook.com\/betelnatural.inc\" \/>\n<meta property=\"article:modified_time\" content=\"2024-11-27T19:56:39+00:00\" \/>\n<meta property=\"og:image\" content=\"https:\/\/betelnatural.com\/minegocio\/wp-content\/uploads\/2024\/07\/Alpiste-cur-mor-gua.png\" \/>\n\t<meta property=\"og:image:width\" content=\"1200\" \/>\n\t<meta property=\"og:image:height\" content=\"1200\" \/>\n\t<meta property=\"og:image:type\" content=\"image\/png\" \/>\n<meta name=\"twitter:card\" content=\"summary_large_image\" \/>\n<meta name=\"twitter:label1\" content=\"Tiempo de lectura\" \/>\n\t<meta name=\"twitter:data1\" content=\"1 minuto\" \/>\n<script type=\"application\/ld+json\" class=\"yoast-schema-graph\">{\"@context\":\"https:\\\/\\\/schema.org\",\"@graph\":[{\"@type\":\"WebPage\",\"@id\":\"https:\\\/\\\/betelnatural.com\\\/minegocio\\\/product\\\/alpiste-con-curcuma-moringa-guanabana-polvo\\\/\",\"url\":\"https:\\\/\\\/betelnatural.com\\\/minegocio\\\/product\\\/alpiste-con-curcuma-moringa-guanabana-polvo\\\/\",\"name\":\"Alpiste con C\u00farcuma, Moringa & Guan\u00e1bana polvo - Betel Natural\",\"isPartOf\":{\"@id\":\"https:\\\/\\\/betelnatural.com\\\/minegocio\\\/#website\"},\"primaryImageOfPage\":{\"@id\":\"https:\\\/\\\/betelnatural.com\\\/minegocio\\\/product\\\/alpiste-con-curcuma-moringa-guanabana-polvo\\\/#primaryimage\"},\"image\":{\"@id\":\"https:\\\/\\\/betelnatural.com\\\/minegocio\\\/product\\\/alpiste-con-curcuma-moringa-guanabana-polvo\\\/#primaryimage\"},\"thumbnailUrl\":\"https:\\\/\\\/betelnatural.com\\\/minegocio\\\/wp-content\\\/uploads\\\/2024\\\/07\\\/Alpiste-cur-mor-gua.png\",\"datePublished\":\"2024-09-12T14:35:17+00:00\",\"dateModified\":\"2024-11-27T19:56:39+00:00\",\"breadcrumb\":{\"@id\":\"https:\\\/\\\/betelnatural.com\\\/minegocio\\\/product\\\/alpiste-con-curcuma-moringa-guanabana-polvo\\\/#breadcrumb\"},\"inLanguage\":\"es\",\"potentialAction\":[{\"@type\":\"ReadAction\",\"target\":[\"https:\\\/\\\/betelnatural.com\\\/minegocio\\\/product\\\/alpiste-con-curcuma-moringa-guanabana-polvo\\\/\"]}]},{\"@type\":\"ImageObject\",\"inLanguage\":\"es\",\"@id\":\"https:\\\/\\\/betelnatural.com\\\/minegocio\\\/product\\\/alpiste-con-curcuma-moringa-guanabana-polvo\\\/#primaryimage\",\"url\":\"https:\\\/\\\/betelnatural.com\\\/minegocio\\\/wp-content\\\/uploads\\\/2024\\\/07\\\/Alpiste-cur-mor-gua.png\",\"contentUrl\":\"https:\\\/\\\/betelnatural.com\\\/minegocio\\\/wp-content\\\/uploads\\\/2024\\\/07\\\/Alpiste-cur-mor-gua.png\",\"width\":1200,\"height\":1200},{\"@type\":\"BreadcrumbList\",\"@id\":\"https:\\\/\\\/betelnatural.com\\\/minegocio\\\/product\\\/alpiste-con-curcuma-moringa-guanabana-polvo\\\/#breadcrumb\",\"itemListElement\":[{\"@type\":\"ListItem\",\"position\":1,\"name\":\"Portada\",\"item\":\"https:\\\/\\\/betelnatural.com\\\/minegocio\\\/\"},{\"@type\":\"ListItem\",\"position\":2,\"name\":\"Product\",\"item\":\"https:\\\/\\\/betelnatural.com\\\/minegocio\\\/product\\\/\"},{\"@type\":\"ListItem\",\"position\":3,\"name\":\"Alpiste con C\u00farcuma, Moringa &#038; Guan\u00e1bana polvo\"}]},{\"@type\":\"WebSite\",\"@id\":\"https:\\\/\\\/betelnatural.com\\\/minegocio\\\/#website\",\"url\":\"https:\\\/\\\/betelnatural.com\\\/minegocio\\\/\",\"name\":\"Betel Natural\",\"description\":\"Venta de productos naturales  y vitaminas\",\"publisher\":{\"@id\":\"https:\\\/\\\/betelnatural.com\\\/minegocio\\\/#organization\"},\"alternateName\":\"Betel\",\"potentialAction\":[{\"@type\":\"SearchAction\",\"target\":{\"@type\":\"EntryPoint\",\"urlTemplate\":\"https:\\\/\\\/betelnatural.com\\\/minegocio\\\/?s={search_term_string}\"},\"query-input\":{\"@type\":\"PropertyValueSpecification\",\"valueRequired\":true,\"valueName\":\"search_term_string\"}}],\"inLanguage\":\"es\"},{\"@type\":\"Organization\",\"@id\":\"https:\\\/\\\/betelnatural.com\\\/minegocio\\\/#organization\",\"name\":\"Betel Natural\",\"url\":\"https:\\\/\\\/betelnatural.com\\\/minegocio\\\/\",\"logo\":{\"@type\":\"ImageObject\",\"inLanguage\":\"es\",\"@id\":\"https:\\\/\\\/betelnatural.com\\\/minegocio\\\/#\\\/schema\\\/logo\\\/image\\\/\",\"url\":\"https:\\\/\\\/betelnatural.com\\\/minegocio\\\/wp-content\\\/uploads\\\/2024\\\/06\\\/logo.png\",\"contentUrl\":\"https:\\\/\\\/betelnatural.com\\\/minegocio\\\/wp-content\\\/uploads\\\/2024\\\/06\\\/logo.png\",\"width\":250,\"height\":95,\"caption\":\"Betel Natural\"},\"image\":{\"@id\":\"https:\\\/\\\/betelnatural.com\\\/minegocio\\\/#\\\/schema\\\/logo\\\/image\\\/\"},\"sameAs\":[\"https:\\\/\\\/www.facebook.com\\\/betelnatural.inc\",\"https:\\\/\\\/www.instagram.com\\\/betel_natural\\\/\"]}]}<\/script>\n<!-- \/ Yoast SEO plugin. -->","yoast_head_json":{"title":"Alpiste con C\u00farcuma, Moringa & Guan\u00e1bana polvo - Betel Natural","robots":{"index":"index","follow":"follow","max-snippet":"max-snippet:-1","max-image-preview":"max-image-preview:large","max-video-preview":"max-video-preview:-1"},"canonical":"https:\/\/betelnatural.com\/minegocio\/product\/alpiste-con-curcuma-moringa-guanabana-polvo\/","og_locale":"es_ES","og_type":"article","og_title":"Alpiste con C\u00farcuma, Moringa & Guan\u00e1bana polvo - Betel Natural","og_description":"Nuestra f\u00f3rmula de alpiste, c\u00farcuma, moringa y Guan\u00e1bana te dar\u00e1 los beneficios de estos tres ingredientes. fortalece el sistema inmunol\u00f3gico, regula la presi\u00f3n arterial, alivia el dolor e inflamaci\u00f3n las articulaciones, disminuye los niveles de az\u00facar en la sangre as\u00ed como el colesterol.  Disuelva una cucharada en 8 oz. de agua o su bebida favorita y tome de dos a tres veces al d\u00eda, o lo que su especialista indique.","og_url":"https:\/\/betelnatural.com\/minegocio\/product\/alpiste-con-curcuma-moringa-guanabana-polvo\/","og_site_name":"Betel Natural","article_publisher":"https:\/\/www.facebook.com\/betelnatural.inc","article_modified_time":"2024-11-27T19:56:39+00:00","og_image":[{"width":1200,"height":1200,"url":"https:\/\/betelnatural.com\/minegocio\/wp-content\/uploads\/2024\/07\/Alpiste-cur-mor-gua.png","type":"image\/png"}],"twitter_card":"summary_large_image","twitter_misc":{"Tiempo de lectura":"1 minuto"},"schema":{"@context":"https:\/\/schema.org","@graph":[{"@type":"WebPage","@id":"https:\/\/betelnatural.com\/minegocio\/product\/alpiste-con-curcuma-moringa-guanabana-polvo\/","url":"https:\/\/betelnatural.com\/minegocio\/product\/alpiste-con-curcuma-moringa-guanabana-polvo\/","name":"Alpiste con C\u00farcuma, Moringa & Guan\u00e1bana polvo - Betel Natural","isPartOf":{"@id":"https:\/\/betelnatural.com\/minegocio\/#website"},"primaryImageOfPage":{"@id":"https:\/\/betelnatural.com\/minegocio\/product\/alpiste-con-curcuma-moringa-guanabana-polvo\/#primaryimage"},"image":{"@id":"https:\/\/betelnatural.com\/minegocio\/product\/alpiste-con-curcuma-moringa-guanabana-polvo\/#primaryimage"},"thumbnailUrl":"https:\/\/betelnatural.com\/minegocio\/wp-content\/uploads\/2024\/07\/Alpiste-cur-mor-gua.png","datePublished":"2024-09-12T14:35:17+00:00","dateModified":"2024-11-27T19:56:39+00:00","breadcrumb":{"@id":"https:\/\/betelnatural.com\/minegocio\/product\/alpiste-con-curcuma-moringa-guanabana-polvo\/#breadcrumb"},"inLanguage":"es","potentialAction":[{"@type":"ReadAction","target":["https:\/\/betelnatural.com\/minegocio\/product\/alpiste-con-curcuma-moringa-guanabana-polvo\/"]}]},{"@type":"ImageObject","inLanguage":"es","@id":"https:\/\/betelnatural.com\/minegocio\/product\/alpiste-con-curcuma-moringa-guanabana-polvo\/#primaryimage","url":"https:\/\/betelnatural.com\/minegocio\/wp-content\/uploads\/2024\/07\/Alpiste-cur-mor-gua.png","contentUrl":"https:\/\/betelnatural.com\/minegocio\/wp-content\/uploads\/2024\/07\/Alpiste-cur-mor-gua.png","width":1200,"height":1200},{"@type":"BreadcrumbList","@id":"https:\/\/betelnatural.com\/minegocio\/product\/alpiste-con-curcuma-moringa-guanabana-polvo\/#breadcrumb","itemListElement":[{"@type":"ListItem","position":1,"name":"Portada","item":"https:\/\/betelnatural.com\/minegocio\/"},{"@type":"ListItem","position":2,"name":"Product","item":"https:\/\/betelnatural.com\/minegocio\/product\/"},{"@type":"ListItem","position":3,"name":"Alpiste con C\u00farcuma, Moringa &#038; Guan\u00e1bana polvo"}]},{"@type":"WebSite","@id":"https:\/\/betelnatural.com\/minegocio\/#website","url":"https:\/\/betelnatural.com\/minegocio\/","name":"Betel Natural","description":"Venta de productos naturales  y vitaminas","publisher":{"@id":"https:\/\/betelnatural.com\/minegocio\/#organization"},"alternateName":"Betel","potentialAction":[{"@type":"SearchAction","target":{"@type":"EntryPoint","urlTemplate":"https:\/\/betelnatural.com\/minegocio\/?s={search_term_string}"},"query-input":{"@type":"PropertyValueSpecification","valueRequired":true,"valueName":"search_term_string"}}],"inLanguage":"es"},{"@type":"Organization","@id":"https:\/\/betelnatural.com\/minegocio\/#organization","name":"Betel Natural","url":"https:\/\/betelnatural.com\/minegocio\/","logo":{"@type":"ImageObject","inLanguage":"es","@id":"https:\/\/betelnatural.com\/minegocio\/#\/schema\/logo\/image\/","url":"https:\/\/betelnatural.com\/minegocio\/wp-content\/uploads\/2024\/06\/logo.png","contentUrl":"https:\/\/betelnatural.com\/minegocio\/wp-content\/uploads\/2024\/06\/logo.png","width":250,"height":95,"caption":"Betel Natural"},"image":{"@id":"https:\/\/betelnatural.com\/minegocio\/#\/schema\/logo\/image\/"},"sameAs":["https:\/\/www.facebook.com\/betelnatural.inc","https:\/\/www.instagram.com\/betel_natural\/"]}]}},"_links":{"self":[{"href":"https:\/\/betelnatural.com\/minegocio\/wp-json\/wp\/v2\/product\/2770","targetHints":{"allow":["GET"]}}],"collection":[{"href":"https:\/\/betelnatural.com\/minegocio\/wp-json\/wp\/v2\/product"}],"about":[{"href":"https:\/\/betelnatural.com\/minegocio\/wp-json\/wp\/v2\/types\/product"}],"replies":[{"embeddable":true,"href":"https:\/\/betelnatural.com\/minegocio\/wp-json\/wp\/v2\/comments?post=2770"}],"wp:featuredmedia":[{"embeddable":true,"href":"https:\/\/betelnatural.com\/minegocio\/wp-json\/wp\/v2\/media\/1165"}],"wp:attachment":[{"href":"https:\/\/betelnatural.com\/minegocio\/wp-json\/wp\/v2\/media?parent=2770"}],"wp:term":[{"taxonomy":"product_brand","embeddable":true,"href":"https:\/\/betelnatural.com\/minegocio\/wp-json\/wp\/v2\/product_brand?post=2770"},{"taxonomy":"product_cat","embeddable":true,"href":"https:\/\/betelnatural.com\/minegocio\/wp-json\/wp\/v2\/product_cat?post=2770"},{"taxonomy":"product_tag","embeddable":true,"href":"https:\/\/betelnatural.com\/minegocio\/wp-json\/wp\/v2\/product_tag?post=2770"}],"curies":[{"name":"wp","href":"https:\/\/api.w.org\/{rel}","templated":true}]}}